rue
Does 70 divide 572180?
True
Is 1807380 a multiple of 30?
True
Is 270 a factor of 273559?
False
Is 4 a factor of 456352?
True
Is 23 a factor of 11230185?
False
Does 211 divide 100128?
False
Is 26706 a multiple of 23?
False
Is 752384 a multiple of 8?
True
Is 10217281 a multiple of 38?
False
Is 42040 a multiple of 3?
False
Is 402024 a multiple of 39?
False
Does 209 divide 3533563?
True
Is 249 a factor of 552780?
True
Does 111 divide 990675?
True
Does 310 divide 39050?
False
Does 160 divide 181052?
False
Is 14394 a multiple of 40?
False
Does 21 divide 320040?
True
Is 1535892 a multiple of 53?
False
Does 154 divide 392262?
False
Does 17 divide 410309?
False
Does 26 divide 276718?
True
Is 1435 a factor of 3871630?
True
Is 57101 a multiple of 29?
True
Is 522440 a multiple of 185?
True
Is 1350 a multiple of 3?
True
Does 137 divide 2162956?
True
Is 566272 a multiple of 14?
True
Is 16 a factor of 11376088?
False
Is 79 a factor of 492012?
True
Is 60 a factor of 2539200?
True
Is 2813274 a multiple of 1314?
True
Does 75 divide 682350?
True
Does 6 divide 18870?
True
Is 78980 a multiple of 20?
True
Is 14 a factor of 13923?
False
Does 60 divide 81200?
False
Is 2331912 a multiple of 88?
True
Is 67 a factor of 281039?
False
Is 43 a factor of 2114358?
False
Is 92 a factor of 51755?
False
Is 7 a factor of 36365?
True
Is 1577417 a multiple of 163?
False
Is 12655652 a multiple of 182?
False
Is 140 a factor of 914553?
False
Is 5 a factor of 16423?
False
Does 251 divide 3555420?
False
Is 2964359 a multiple of 399?
False
Does 68 divide 15109045?
False
Is 117844 a multiple of 68?
True
Does 19 divide 32946?
True
Is 104 a factor of 248422?
False
Is 8 a factor of 1751520?
True
Does 18 divide 570024?
True
Is 62517 a multiple of 4?
False
Is 62 a factor of 57846?
True
Does 40 divide 23520?
True
Is 416100 a multiple of 13?
False
Is 176 a factor of 644160?
True
Does 67 divide 901063?
False
Does 13 divide 8218678?
True
Is 107 a factor of 17654517?
False
Is 114273 a multiple of 50?
False
Is 109 a factor of 122108?
False
Is 88 a factor of 2923828?
False
Is 1325484 a multiple of 54?
True
Does 5 divide 5092?
False
Is 15 a factor of 839160?
True
Is 338613 a multiple of 93?
True
Does 6 divide 1427278?
False
Is 122 a factor of 2088518?
True
Is 96 a factor of 1219851?
False
Is 65 a factor of 873200?
False
Does 9 divide 112436?
False
Does 6 divide 284281?
False
Is 351 a factor of 1175499?
True
Does 134 divide 356574?
True
Is 7 a factor of 1651580?
True
Is 28 a factor of 520632?
True
Does 375 divide 370500?
True
Is 147 a factor of 253810?
False
Is 497280 a multiple of 280?
True
Does 11 divide 136653?
True
Is 6407224 a multiple of 5?
False
Is 1772992 a multiple of 64?
True
Is 1013079 a multiple of 381?
True
Is 35 a factor of 451115?
True
Is 11 a factor of 435259?
True
Is 93 a factor of 692453?
False
Is 1126 a factor of 1863530?
True
Is 4975259 a multiple of 31?
False
Is 32208 a multiple of 66?
True
Is 3 a factor of 57425?
False
Is 20 a factor of 2316862?
False
Is 282912 a multiple of 96?
True
Is 7 a factor of 457051?
True
Is 4 a factor of 56817?
False
Is 33720 a multiple of 281?
True
Is 26390 a multiple of 13?
True
Is 632 a factor of 841877?
False
Does 1410 divide 6253350?
True
Does 9 divide 212562?
True
Is 966 a factor of 5049841?
False
Is 14152 even?
True
Is 330 a factor of 1869114?
False
Is 7142034 a multiple of 313?
True
Is 2433860 a multiple of 962?
True
Does 4 divide 139334?
False
Is 44 a factor of 192632?
True
Does 257 divide 637906?
False
Is 308 a factor of 398244?
True
Is 2659 a multiple of 2?
False
Does 86 divide 43228?
False
Is 13588390 a multiple of 1997?
False
Is 283847 a multiple of 7?
False
Does 241 divide 3710436?
True
Is 111 a factor of 23786?
False
Does 3 divide 1154?
False
Does 29 divide 685259?
False
Is 49 a factor of 20531?
True
Does 233 divide 5306551?
False
Does 116 divide 406163?
False
Does 30 divide 3654480?
True
Is 62 a factor of 184574?
True
Is 139224 a multiple of 14?
False
Is 639765 a multiple of 63?
True
Does 7 divide 2648476?
False
Does 438 divide 2931151?
False
Does 73 divide 192406?
False
Is 14 a factor of 19235062?
True
Is 91273 a multiple of 7?
True
Is 12 a factor of 29028?
True
Is 1924788 a multiple of 4?
True
Does 640 divide 70036?
False
Is 14 a factor of 1031407?
False
Does 432 divide 5284997?
False
Is 15491742 a multiple of 7?
True
Is 60 a factor of 505306?
False
Is 156 a factor of 57397?
False
Does 60 divide 42109?
False
Is 65824 a multiple of 544?
True
Is 19150 a multiple of 23?
False
Does 15 divide 239070?
True
Is 13 a factor of 11368?
False
Is 183 a factor of 1975119?
True
Does 7 divide 3433260?
False
Is 860568 a multiple of 16?
False
Does 20 divide 458712?
False
Does 308 divide 1015476?
True
Is 118 a factor of 2825864?
True
Is 32 a factor of 3534950?
False
Is 259 a factor of 2372699?
True
Does 14 divide 35098?
True
Does 153 divide 244647?
True
Is 60306 a multiple of 28?
False
Is 7 a factor of 9525416?
False
Is 179 a factor of 1285514?
False
Is 230931 a multiple of 81?
True
Is 1250674 a multiple of 49?
False
Does 178 divide 226416?
True
Is 1546404 a multiple of 78?
False
Is 663 a factor of 3570918?
True
Does 4 divide 34860?
True
Is 573897 a multiple of 109?
False
Is 7 a factor of 80010?
True
Is 162344 a multiple of 91?
True
Is 12466018 a multiple of 20?
False
Does 86 divide 269008?
True
Is 5585532 a multiple of 796?
True
Is 72677 a multiple of 5?
False
Is 17 a factor of 3414263?
True
Is 147355 a multiple of 5?
True
Is 458496 a multiple of 576?
True
Is 5525520 a multiple of 143?
True
Is 82454 a multiple of 4?
False
Is 43898 a multiple of 94?
True
Does 498 divide 4731798?
False
Does 10 divide 471597?
False
Does 6 divide 4988903?
False
Does 12 divide 30969?
False
Is 163 a factor of 7326383?
False
Is 42 a factor of 516915?
False
Is 129618 a multiple of 342?
True
Is 389113 a multiple of 11?
False
Is 3675432 a multiple of 24?
True
Is 56 a factor of 11386745?
False
Does 122 divide 636230?
True
Is 3621 a multiple of 17?
True
Is 1002 a factor of 8069956?
False
Is 194715 a multiple of 13?
False
Does 113 divide 729980?
True
Is 4 a factor of 122645?
False
Does 271 divide 652838?
False
Is 2009280 a multiple of 35?
True
Is 7 a factor of 307328?
True
Is 5 a factor of 7690?
True
Is 18 a factor of 9190400?
False
Is 188 a factor of 504028?
True
Does 10 divide 800110?
True
Is 1203744 a multiple of 3?
True
Is 946 a multiple of 18?
False
Is 19 a factor of 140256?
False
Is 49 a factor of 733530?
True
Is 208136 a multiple of 26?
False
Is 3872 a multiple of 352?
True
Does 17 divide 31858?
True
Is 152023 a multiple of 3?
False
Does 42 divide 8082788?
False
Is 1401 a factor of 8132482?
False
Does 409 divide 185935?
False
Does 70 divide 89971?
False
Is 472807 a multiple of 343?
False
Is 2472867 a multiple of 59?
True
Is 414518 a multiple of 167?
False
Is 365594 a multiple of 106?
True
Is 372 a factor of 249188?
False
Is 4425642 a multiple of 18?
True
Is 14 a factor of 951090?
True
Is 943563 a multiple of 409?
True
Is 18766703 a multiple of 272?
False
Is 2729858 a multiple of 14?
False
Is 593400 a multiple of 30?
True
Is 9956190 a multiple of 848?
False
Does 122 divide 2272250?
True
Is 971940 a multiple of 334?
True
Is 163 a factor of 726002?
True
Is 2118087 a multiple of 32?
False
Does 93 divide 140988?
True
Is 14944 a multiple of 8?
True
Is 26166 a multiple of 6?
True
Does 238 divide 103710?
False
Does 15 divide 227145?
True
Is 2951993 a multiple of 14?
False
Is 284 a factor of 2256220?
False
Is 147 a factor of 349125?
True
Is 812133 a multiple of 622?
False
Does 17 divide 591760?
False
Does 80 divide 4030880?
True
Is 11 a factor of 74756?
True
Does 61 divide 20740?
True
Is 16 a factor of 9732?
False
Is 478 a factor of 4741203?
False
Is 123988 a multiple of 278?
True
Is 1478 a factor of 5616400?
True
Does 514 divide 4059572?
True
Does 103 divide 241300?
False
Is 443696 a multiple of 44?
True
Is 15793550 a multiple of 98?
False
Does 8 divide 269520?
True
Is 311370 a multiple of 535?
True
Does 35 divide 23786?
False
Is 3 a factor of 5096?
False
Is 40441 a multiple of 4?
False
Does 744 divide 10223304?
True
Does 16 divide 61260?
False
Does 121 divide 67582?
False
Is 393 a factor of 22008?
True
Is 469 a factor of 5380837?
True
Is 1974220 a multiple of 5?
True
Is 204 